11
What is the remainder when 236 is divided by 20?
16
What is the remainder when 1824 is divided by 59?
54
Calculate the remainder when 880 is divided by 2.
0
Calculate the remainder when 24 is divided by 14.
10
What is the remainder when 36 is divided by 9?
0
Calculate the remainder when 120 is divided by 52.
16
What is the remainder when 245 is divided by 126?
119
Calculate the remainder when 3205 is divided by 159.
25
What is the remainder when 1021 is divided by 19?
14
What is the remainder when 1903 is divided by 29?
18
Calculate the remainder when 584 is divided by 246.
92
Calculate the remainder when 1732 is divided by 13.
3
Calculate the remainder when 182 is divided by 23.
21
What is the remainder when 108 is divided by 39?
30
Calculate the remainder when 19 is divided by 4.
3
What is the remainder when 63 is divided by 35?
28
What is the remainder when 1307 is divided by 32?
27
Calculate the remainder when 75 is divided by 10.
5
What is the remainder when 68 is divided by 14?
12
What is the remainder when 76 is divided by 14?
6
What is the remainder when 765 is divided by 128?
125
What is the remainder when 647 is divided by 12?
11
Calculate the remainder when 270 is divided by 123.
24
What is the remainder when 147 is divided by 121?
26
Calculate the remainder when 597 is divided by 100.
97
What is the remainder when 1516 is divided by 49?
46
What is the remainder when 64 is divided by 35?
29
What is the remainder when 89 is divided by 15?
14
What is the remainder when 314 is divided by 54?
44
What is the remainder when 149 is divided by 4?
1
Calculate the remainder when 652 is divided by 214.
10
Calculate the remainder when 491 is divided by 229.
33
What is the remainder when 2318 is divided by 28?
22
Calculate the remainder when 102 is divided by 4.
2
Calculate the remainder when 1939 is divided by 11.
3
Calculate the remainder when 14633 is divided by 121.
113
What is the remainder when 2212 is divided by 3?
1
What is the remainder when 185 is divided by 99?
86
What is the remainder when 287 is divided by 6?
5
What is the remainder when 360 is divided by 179?
2
What is the remainder when 502 is divided by 311?
191
Calculate the remainder when 6106 is divided by 51.
37
What is the remainder when 214 is divided by 20?
14
What is the remainder when 4058 is divided by 31?
28
Calculate the remainder when 264 is divided by 136.
128
What is the remainder when 4543 is divided by 32?
31
Calculate the remainder when 141 is divided by 41.
18
Calculate the remainder when 285 is divided by 88.
21
What is the remainder when 7 is divided by 4?
3
What is the remainder when 420 is divided by 135?
15
Calculate the remainder when 47 is divided by 28.
19
Calculate the remainder when 183 is divided by 20.
3
Calculate the remainder when 1196 is divided by 19.
18
Calculate the remainder when 323 is divided by 151.
21
What is the remainder when 175 is divided by 73?
29
Calculate the remainder when 265 is divided by 1.
0
Calculate the remainder when 136 is divided by 91.
45
Calculate the remainder when 115 is divided by 7.
3
Calculate the remainder when 41 is divided by 36.
5
What is the remainder when 633 is divided by 113?
68
Calculate the remainder when 397 is divided by 19.
17
Calculate the remainder when 757 is divided by 251.
4
Calculate the remainder when 817 is divided by 192.
49
Calculate the remainder when 1146 is divided by 14.
12
What is the remainder when 336 is divided by 55?
6
Calculate the remainder when 673 is divided by 169.
166
Calculate the remainder when 1780 is divided by 222.
4
Calculate the remainder when 149 is divided by 75.
74
Calculate the remainder when 426 is divided by 17.
1
What is the remainder when 8639 is divided by 18?
17
Calculate the remainder when 731 is divided by 119.
17
Calculate the remainder when 280 is divided by 99.
82
Calculate the remainder when 1119 is divided by 19.
17
Calculate the remainder when 66 is divided by 12.
6
What is the remainder when 127 is divided by 23?
12
What is the remainder when 58 is divided by 29?
0
What is the remainder when 682 is divided by 9?
7
What is the remainder when 1517 is divided by 435?
212
What is the remainder when 1098 is divided by 58?
54
Calculate the remainder when 1424 is divided by 127.
27
Calculate the remainder when 149 is divided by 27.
14
Calculate the remainder when 125 is divided by 14.
13
What is the remainder when 2254 is divided by 61?
58
What is the remainder when 336 is divided by 149?
38
What is the remainder when 1260 is divided by 91?
77
Calculate the remainder when 5592 is divided by 193.
188
Calculate the remainder when 5145 is divided by 22.
19
What is the remainder when 2909 is divided by 16?
13
What is the remainder when 1554 is divided by 127?
30
Calculate the remainder when 105 is divided by 16.
9
What is the remainder when 628 is divided by 105?
103
Calculate the remainder when 112 is divided by 10.
2
What is the remainder when 256 is divided by 43?
41
Calculate the remainder when 5318 is divided by 70.
68
What is the remainder when 677 is divided by 85?
82
What is the remainder when 49 is divided by 17?
15
Calculate the remainder when 629 is divided by 177.
98
Calculate the remainder when 13425 is divided by 7.
6
What is the remainder when 809 is divided by 33?
17
Calculate the remainder when 11395 is divided by 82.
79
What is the remainder when 45 is divided by 21?
3
What is the remainder when 898 is divided by 303?
292
What is the remainder when 67 is divided by 4?
3
Calculate the remainder when 221 is divided by 45.
41
What is the remainder when 185 is divided by 93?
92
What is the remainder when 5321 is divided by 483?
8
Calculate the remainder when 88 is divided by 12.
4
Calculate the remainder when 751 is divided by 42.
37
What is the remainder when 4138 is divided by 112?
106
Calculate the remainder when 878 is divided by 63.
59
Calculate the remainder when 383 is divided by 8.
7
What is the remainder when 1433 is divided by 179?
1
Calculate the remainder when 56 is divided by 2.
0
What is the remainder when 48 is divided by 19?
10
What is the remainder when 3363 is divided by 281?
272
Calculate the remainder when 51 is divided by 22.
7
Calculate the remainder when 657 is divided by 159.
21
What is the remainder when 529 is divided by 70?
39
Calculate the remainder when 185 is divided by 27.
23
Calculate the remainder when 873 is divided by 146.
143
What is the remainder when 93 is divided by 54?
39
What is the remainder when 13407 is divided by 11?
9
Calculate the remainder when 641 is divided by 18.
11
What is the remainder when 703 is divided by 146?
119
Calculate the remainder when 141 is divided by 18.
15
Calculate the remainder when 111 is divided by 16.
15
What is the remainder when 160 is divided by 33?
28
What is the remainder when 409 is divided by 92?
41
What is the remainder when 2742 is divided by 9?
6
Calculate the remainder when 2181 is divided by 583.
432
What is the remainder when 810 is divided by 29?
27
Calculate the remainder when 126 is divided by 49.
28
What is the remainder when 90 is divided by 26?
12
Calculate the remainder when 194 is divided by 56.
26
What is the remainder when 186 is divided by 53?
27
Calculate the remainder when 388 is divided by 8.
4
Calculate the remainder when 1239 is divided by 46.
43
Calculate the remainder when 452 is divided by 245.
207
What is the remainder when 168 is divided by 46?
30
What is the remainder when 987 is divided by 15?
12
What is the remainder when 6357 is divided by 20?
17
Calculate the remainder when 5542 is divided by 4.
2
What is the remainder when 178 is divided by 45?
43
What is the remainder when 953 is divided by 949?
4
What is the remainder when 15159 is divided by 42?
39
What is the remainder when 77 is divided by 17?
9
Calculate the remainder when 2951 is divided by 19.
6
What is the remainder when 993 is divided by 984?
9
What is the remainder when 176 is divided by 72?
32
Calculate the remainder when 83 is divided by 48.
35
What is the remainder when 669 is divided by 21?
18
Calculate the remainder when 33 is divided by 17.
16
What is the remainder when 305 is divided by 17?
16
What is the remainder when 269 is divided by 69?
62
Calculate the remai